[INFO] cloning repository https://github.com/mpietrzak/cashlog
[INFO] running `Command { std: "git" "-c" "credential.helper=" "-c" "credential.helper=/workspace/cargo-home/bin/git-credential-null" "clone" "--bare" "https://github.com/mpietrzak/cashlog" "/workspace/cache/git-repos/https%3A%2F%2Fgithub.com%2Fmpietrzak%2Fcashlog", kill_on_drop: false }`
[INFO] [stderr] Cloning into bare repository '/workspace/cache/git-repos/https%3A%2F%2Fgithub.com%2Fmpietrzak%2Fcashlog'...
[INFO] running `Command { std: "git" "rev-parse" "HEAD", kill_on_drop: false }`
[INFO] [stdout] 77f8fb99a01ceec8afa7b34b2ebeb935612babe1
[INFO] checking mpietrzak/cashlog against master#af3c6e733a40e671550e0f0f5aeecaa13772ba56 for pr-74989
[INFO] running `Command { std: "git" "clone" "/workspace/cache/git-repos/https%3A%2F%2Fgithub.com%2Fmpietrzak%2Fcashlog" "/workspace/builds/worker-10/source", kill_on_drop: false }`
[INFO] [stderr] Cloning into '/workspace/builds/worker-10/source'...
[INFO] [stderr] done.
[INFO] validating manifest of git repo https://github.com/mpietrzak/cashlog on toolchain af3c6e733a40e671550e0f0f5aeecaa13772ba56
[INFO] running `Command { std: "/workspace/cargo-home/bin/cargo" "+af3c6e733a40e671550e0f0f5aeecaa13772ba56" "read-manifest" "--manifest-path" "Cargo.toml", kill_on_drop: false }`
[INFO] started tweaking git repo https://github.com/mpietrzak/cashlog
[INFO] finished tweaking git repo https://github.com/mpietrzak/cashlog
[INFO] tweaked toml for git repo https://github.com/mpietrzak/cashlog written to /workspace/builds/worker-10/source/Cargo.toml
[INFO] crate git repo https://github.com/mpietrzak/cashlog already has a lockfile, it will not be regenerated
[INFO] running `Command { std: "/workspace/cargo-home/bin/cargo" "+af3c6e733a40e671550e0f0f5aeecaa13772ba56" "fetch" "--locked" "--manifest-path" "Cargo.toml", kill_on_drop: false }`
[INFO] running `Command { std: "docker" "create" "-v" "/var/lib/crater-agent-workspace/builds/worker-10/target:/opt/rustwide/target:rw,Z" "-v" "/var/lib/crater-agent-workspace/builds/worker-10/source:/opt/rustwide/workdir:ro,Z" "-v" "/var/lib/crater-agent-workspace/cargo-home:/opt/rustwide/cargo-home:ro,Z" "-v" "/var/lib/crater-agent-workspace/rustup-home:/opt/rustwide/rustup-home:ro,Z" "-e" "SOURCE_DIR=/opt/rustwide/workdir" "-e" "CARGO_TARGET_DIR=/opt/rustwide/target" "-e" "CARGO_HOME=/opt/rustwide/cargo-home" "-e" "RUSTUP_HOME=/opt/rustwide/rustup-home" "-w" "/opt/rustwide/workdir" "-m" "1610612736" "--user" "0:0" "--network" "none" "rustops/crates-build-env@sha256:d92eaeed33fa75130ca1ee6c8a01d1ffb62bac859dfdfb3450e3e5d1c0146529" "/opt/rustwide/cargo-home/bin/cargo" "+af3c6e733a40e671550e0f0f5aeecaa13772ba56" "metadata" "--no-deps" "--format-version=1", kill_on_drop: false }`
[INFO] [stdout] 20a65103a16e5ecfee3bd456a28b516d8c73084408715871760a38073fe5788b
[INFO] [stderr] WARNING: Your kernel does not support swap limit capabilities or the cgroup is not mounted. Memory limited without swap.
[INFO] running `Command { std: "docker" "start" "-a" "20a65103a16e5ecfee3bd456a28b516d8c73084408715871760a38073fe5788b", kill_on_drop: false }`
[INFO] running `Command { std: "docker" "inspect" "20a65103a16e5ecfee3bd456a28b516d8c73084408715871760a38073fe5788b", kill_on_drop: false }`
[INFO] running `Command { std: "docker" "rm" "-f" "20a65103a16e5ecfee3bd456a28b516d8c73084408715871760a38073fe5788b", kill_on_drop: false }`
[INFO] [stdout] 20a65103a16e5ecfee3bd456a28b516d8c73084408715871760a38073fe5788b
[INFO] running `Command { std: "docker" "create" "-v" "/var/lib/crater-agent-workspace/builds/worker-10/target:/opt/rustwide/target:rw,Z" "-v" "/var/lib/crater-agent-workspace/builds/worker-10/source:/opt/rustwide/workdir:ro,Z" "-v" "/var/lib/crater-agent-workspace/cargo-home:/opt/rustwide/cargo-home:ro,Z" "-v" "/var/lib/crater-agent-workspace/rustup-home:/opt/rustwide/rustup-home:ro,Z" "-e" "SOURCE_DIR=/opt/rustwide/workdir" "-e" "CARGO_TARGET_DIR=/opt/rustwide/target" "-e" "CARGO_INCREMENTAL=0" "-e" "RUST_BACKTRACE=full" "-e" "RUSTFLAGS=--cap-lints=forbid" "-e" "CARGO_HOME=/opt/rustwide/cargo-home" "-e" "RUSTUP_HOME=/opt/rustwide/rustup-home" "-w" "/opt/rustwide/workdir" "-m" "1610612736" "--user" "0:0" "--network" "none" "rustops/crates-build-env@sha256:d92eaeed33fa75130ca1ee6c8a01d1ffb62bac859dfdfb3450e3e5d1c0146529" "/opt/rustwide/cargo-home/bin/cargo" "+af3c6e733a40e671550e0f0f5aeecaa13772ba56" "check" "--frozen" "--all" "--all-targets" "--message-format=json", kill_on_drop: false }`
[INFO] [stdout] 494ad0142667ffed761a5b5e446cf7f9ca9ed6c21b5175ba3828fd398aea1c2e
[INFO] [stderr] WARNING: Your kernel does not support swap limit capabilities or the cgroup is not mounted. Memory limited without swap.
[INFO] running `Command { std: "docker" "start" "-a" "494ad0142667ffed761a5b5e446cf7f9ca9ed6c21b5175ba3828fd398aea1c2e", kill_on_drop: false }`
[INFO] [stderr]     Blocking waiting for file lock on package cache
[INFO] [stderr]    Compiling version_check v0.1.3
[INFO] [stderr]     Checking odds v0.2.25
[INFO] [stderr]     Checking modifier v0.1.0
[INFO] [stderr]    Compiling siphasher v0.2.2
[INFO] [stderr]     Checking byte-tools v0.2.0
[INFO] [stderr]     Checking itoa v0.1.1
[INFO] [stderr]     Checking fallible-iterator v0.1.3
[INFO] [stderr]     Checking dtoa v0.2.2
[INFO] [stderr]     Checking md5 v0.3.5
[INFO] [stderr]    Compiling openssl v0.9.20
[INFO] [stderr]     Checking hex v0.2.0
[INFO] [stderr]     Checking foreign-types v0.2.0
[INFO] [stderr]     Checking serde v1.0.16
[INFO] [stderr]     Checking bufstream v0.1.3
[INFO] [stderr]     Checking mime v0.2.6
[INFO] [stderr]     Checking conduit-mime-types v0.7.3
[INFO] [stderr]     Checking error v0.1.9
[INFO] [stderr]     Checking num-integer v0.1.35
[INFO] [stderr]     Checking num-complex v0.1.40
[INFO] [stderr]    Compiling rand v0.3.17
[INFO] [stderr]     Checking scheduled-thread-pool v0.1.0
[INFO] [stderr]    Compiling rust-crypto v0.2.36
[INFO] [stderr]    Compiling maud_macros v0.17.1
[INFO] [stderr]     Checking psutil v1.1.0
[INFO] [stderr]     Checking cookie v0.8.1
[INFO] [stderr]     Checking tempdir v0.3.5
[INFO] [stderr]     Checking uuid v0.4.0
[INFO] [stderr]     Checking uuid v0.5.1
[INFO] [stderr]     Checking stringprep v0.1.2
[INFO] [stderr]    Compiling openssl-sys v0.9.20
[INFO] [stderr] error: failed to run custom build command for `openssl-sys v0.9.20`
[INFO] [stderr] 
[INFO] [stderr] Caused by:
[INFO] [stderr]   process didn't exit successfully: `/opt/rustwide/target/debug/build/openssl-sys-60e7175dfed2c145/build-script-build` (exit code: 101)
[INFO] [stderr]   --- stdout
[INFO] [stderr]   cargo:rerun-if-env-changed=X86_64_UNKNOWN_LINUX_GNU_OPENSSL_LIB_DIR
[INFO] [stderr]   cargo:rerun-if-env-changed=OPENSSL_LIB_DIR
[INFO] [stderr]   cargo:rerun-if-env-changed=X86_64_UNKNOWN_LINUX_GNU_OPENSSL_INCLUDE_DIR
[INFO] [stderr]   cargo:rerun-if-env-changed=OPENSSL_INCLUDE_DIR
[INFO] [stderr]   cargo:rerun-if-env-changed=X86_64_UNKNOWN_LINUX_GNU_OPENSSL_DIR
[INFO] [stderr]   cargo:rerun-if-env-changed=OPENSSL_DIR
[INFO] [stderr]   cargo:rustc-link-lib=ssl
[INFO] [stderr]   cargo:rustc-link-lib=crypto
[INFO] [stderr]   OPT_LEVEL = Some("0")
[INFO] [stderr]   TARGET = Some("x86_64-unknown-linux-gnu")
[INFO] [stderr]   HOST = Some("x86_64-unknown-linux-gnu")
[INFO] [stderr]   TARGET = Some("x86_64-unknown-linux-gnu")
[INFO] [stderr]   TARGET = Some("x86_64-unknown-linux-gnu")
[INFO] [stderr]   HOST = Some("x86_64-unknown-linux-gnu")
[INFO] [stderr]   CC_x86_64-unknown-linux-gnu = None
[INFO] [stderr]   CC_x86_64_unknown_linux_gnu = None
[INFO] [stderr]   HOST_CC = None
[INFO] [stderr]   CC = None
[INFO] [stderr]   HOST = Some("x86_64-unknown-linux-gnu")
[INFO] [stderr]   TARGET = Some("x86_64-unknown-linux-gnu")
[INFO] [stderr]   HOST = Some("x86_64-unknown-linux-gnu")
[INFO] [stderr]   CFLAGS_x86_64-unknown-linux-gnu = None
[INFO] [stderr]   CFLAGS_x86_64_unknown_linux_gnu = None
[INFO] [stderr]   HOST_CFLAGS = None
[INFO] [stderr]   CFLAGS = None
[INFO] [stderr]   DEBUG = Some("true")
[INFO] [stderr]   running: "cc" "-O0" "-ffunction-sections" "-fdata-sections" "-fPIC" "-g" "-m64" "-Wall" "-Wextra" "-E" "/opt/rustwide/target/debug/build/openssl-sys-64103a04ad537767/out/expando.c"
[INFO] [stderr]   exit code: 0
[INFO] [stderr]   cargo:rustc-cfg=osslconf="OPENSSL_NO_SSL3_METHOD"
[INFO] [stderr]   cargo:conf=OPENSSL_NO_SSL3_METHOD
[INFO] [stderr] 
[INFO] [stderr]   --- stderr
[INFO] [stderr]   thread 'main' panicked at '
[INFO] [stderr] 
[INFO] [stderr]   This crate is only compatible with OpenSSL 1.0.1, 1.0.2, and 1.1.0, or LibreSSL
[INFO] [stderr]   2.5 and 2.6.0, but a different version of OpenSSL was found. The build is now
[INFO] [stderr]   aborting due to this version mismatch.
[INFO] [stderr] 
[INFO] [stderr]   ', /opt/rustwide/cargo-home/registry/src/github.com-1ecc6299db9ec823/openssl-sys-0.9.20/build.rs:497:9
[INFO] [stderr]   stack backtrace:
[INFO] [stderr]      0:     0x55d2a9c2ff40 - std::backtrace_rs::backtrace::libunwind::trace::h452faf99f32e7c93
[INFO] [stderr]                                  at /rustc/af3c6e733a40e671550e0f0f5aeecaa13772ba56/library/std/src/../../backtrace/src/backtrace/libunwind.rs:96
[INFO] [stderr]      1:     0x55d2a9c2ff40 - std::backtrace_rs::backtrace::trace_unsynchronized::he40edc71437667a1
[INFO] [stderr]                                  at /rustc/af3c6e733a40e671550e0f0f5aeecaa13772ba56/library/std/src/../../backtrace/src/backtrace/mod.rs:66
[INFO] [stderr]      2:     0x55d2a9c2ff40 - std::sys_common::backtrace::_print_fmt::h6c51d6ade71f46bf
[INFO] [stderr]                                  at /rustc/af3c6e733a40e671550e0f0f5aeecaa13772ba56/library/std/src/sys_common/backtrace.rs:79
[INFO] [stderr]      3:     0x55d2a9c2ff40 - <std::sys_common::backtrace::_print::DisplayBacktrace as core::fmt::Display>::fmt::h3cd15d7003dec37a
[INFO] [stderr]                                  at /rustc/af3c6e733a40e671550e0f0f5aeecaa13772ba56/library/std/src/sys_common/backtrace.rs:58
[INFO] [stderr]      4:     0x55d2a9c4f08c - core::fmt::write::h1857a60b204f1b6a
[INFO] [stderr]                                  at /rustc/af3c6e733a40e671550e0f0f5aeecaa13772ba56/library/core/src/fmt/mod.rs:1080
[INFO] [stderr]      5:     0x55d2a9c2d017 - std::io::Write::write_fmt::hac61caff894c35ae
[INFO] [stderr]                                  at /rustc/af3c6e733a40e671550e0f0f5aeecaa13772ba56/library/std/src/io/mod.rs:1517
[INFO] [stderr]      6:     0x55d2a9c32490 - std::sys_common::backtrace::_print::haa2f390fb7957e3e
[INFO] [stderr]                                  at /rustc/af3c6e733a40e671550e0f0f5aeecaa13772ba56/library/std/src/sys_common/backtrace.rs:61
[INFO] [stderr]      7:     0x55d2a9c32490 - std::sys_common::backtrace::print::h48c7cbbad9013bb1
[INFO] [stderr]                                  at /rustc/af3c6e733a40e671550e0f0f5aeecaa13772ba56/library/std/src/sys_common/backtrace.rs:48
[INFO] [stderr]      8:     0x55d2a9c32490 - std::panicking::default_hook::{{closure}}::h8b7ff05a31e71d55
[INFO] [stderr]                                  at /rustc/af3c6e733a40e671550e0f0f5aeecaa13772ba56/library/std/src/panicking.rs:208
[INFO] [stderr]      9:     0x55d2a9c321dc - std::panicking::default_hook::h2f00c78800d98e4c
[INFO] [stderr]                                  at /rustc/af3c6e733a40e671550e0f0f5aeecaa13772ba56/library/std/src/panicking.rs:227
[INFO] [stderr]     10:     0x55d2a9c32af3 - std::panicking::rust_panic_with_hook::h4eaa635e4694aef3
[INFO] [stderr]                                  at /rustc/af3c6e733a40e671550e0f0f5aeecaa13772ba56/library/std/src/panicking.rs:577
[INFO] [stderr]     11:     0x55d2a9c0492c - std::panicking::begin_panic::{{closure}}::ha5fff329cf53f712
[INFO] [stderr]                                  at /rustc/af3c6e733a40e671550e0f0f5aeecaa13772ba56/library/std/src/panicking.rs:506
[INFO] [stderr]     12:     0x55d2a9c0d289 - std::sys_common::backtrace::__rust_end_short_backtrace::hd101089e5bb5ace4
[INFO] [stderr]                                  at /rustc/af3c6e733a40e671550e0f0f5aeecaa13772ba56/library/std/src/sys_common/backtrace.rs:153
[INFO] [stderr]     13:     0x55d2a9c04857 - std::panicking::begin_panic::hc135587d87313210
[INFO] [stderr]                                  at /rustc/af3c6e733a40e671550e0f0f5aeecaa13772ba56/library/std/src/panicking.rs:505
[INFO] [stderr]     14:     0x55d2a9bb3a8f - build_script_build::validate_headers::h87e5629db847fdf3
[INFO] [stderr]                                  at /opt/rustwide/cargo-home/registry/src/github.com-1ecc6299db9ec823/openssl-sys-0.9.20/build.rs:497
[INFO] [stderr]     15:     0x55d2a9bb1cbc - build_script_build::try_pkg_config::h103f02ede453ceaa
[INFO] [stderr]                                  at /opt/rustwide/cargo-home/registry/src/github.com-1ecc6299db9ec823/openssl-sys-0.9.20/build.rs:241
[INFO] [stderr]     16:     0x55d2a9bb0e55 - build_script_build::find_openssl_dir::h27fba5f974da3f67
[INFO] [stderr]                                  at /opt/rustwide/cargo-home/registry/src/github.com-1ecc6299db9ec823/openssl-sys-0.9.20/build.rs:123
[INFO] [stderr]     17:     0x55d2a9bb0a4a - build_script_build::main::{{closure}}::h56399a5ed7724382
[INFO] [stderr]                                  at /opt/rustwide/cargo-home/registry/src/github.com-1ecc6299db9ec823/openssl-sys-0.9.20/build.rs:59
[INFO] [stderr]     18:     0x55d2a9bbd21f - core::option::Option<T>::unwrap_or_else::h9a653be38412a73c
[INFO] [stderr]                                  at /rustc/af3c6e733a40e671550e0f0f5aeecaa13772ba56/library/core/src/option.rs:411
[INFO] [stderr]     19:     0x55d2a9baf92a - build_script_build::main::hf51a16ffa671e669
[INFO] [stderr]                                  at /opt/rustwide/cargo-home/registry/src/github.com-1ecc6299db9ec823/openssl-sys-0.9.20/build.rs:59
[INFO] [stderr]     20:     0x55d2a9bc60ab - core::ops::function::FnOnce::call_once::h81e54c50c3aeffdf
[INFO] [stderr]                                  at /rustc/af3c6e733a40e671550e0f0f5aeecaa13772ba56/library/core/src/ops/function.rs:227
[INFO] [stderr]     21:     0x55d2a9bba40e - std::sys_common::backtrace::__rust_begin_short_backtrace::h6fc9bd2e6d8860a7
[INFO] [stderr]                                  at /rustc/af3c6e733a40e671550e0f0f5aeecaa13772ba56/library/std/src/sys_common/backtrace.rs:137
[INFO] [stderr]     22:     0x55d2a9bc3991 - std::rt::lang_start::{{closure}}::h671345820a10805a
[INFO] [stderr]                                  at /rustc/af3c6e733a40e671550e0f0f5aeecaa13772ba56/library/std/src/rt.rs:66
[INFO] [stderr]     23:     0x55d2a9c32ef1 - core::ops::function::impls::<impl core::ops::function::FnOnce<A> for &F>::call_once::hecc21eb9018cc197
[INFO] [stderr]                                  at /rustc/af3c6e733a40e671550e0f0f5aeecaa13772ba56/library/core/src/ops/function.rs:259
[INFO] [stderr]     24:     0x55d2a9c32ef1 - std::panicking::try::do_call::h174ad655d084b5c7
[INFO] [stderr]                                  at /rustc/af3c6e733a40e671550e0f0f5aeecaa13772ba56/library/std/src/panicking.rs:381
[INFO] [stderr]     25:     0x55d2a9c32ef1 - std::panicking::try::h479e6054ce28de10
[INFO] [stderr]                                  at /rustc/af3c6e733a40e671550e0f0f5aeecaa13772ba56/library/std/src/panicking.rs:345
[INFO] [stderr]     26:     0x55d2a9c32ef1 - std::panic::catch_unwind::hb558ddea2b3e9c45
[INFO] [stderr]                                  at /rustc/af3c6e733a40e671550e0f0f5aeecaa13772ba56/library/std/src/panic.rs:382
[INFO] [stderr]     27:     0x55d2a9c32ef1 - std::rt::lang_start_internal::h163149047f0a8b61
[INFO] [stderr]                                  at /rustc/af3c6e733a40e671550e0f0f5aeecaa13772ba56/library/std/src/rt.rs:51
[INFO] [stderr]     28:     0x55d2a9bc3967 - std::rt::lang_start::h97afbcd63e12ac92
[INFO] [stderr]                                  at /rustc/af3c6e733a40e671550e0f0f5aeecaa13772ba56/library/std/src/rt.rs:65
[INFO] [stderr]     29:     0x55d2a9bb4b9a - main
[INFO] [stderr]     30:     0x7ff23f01d0b3 - __libc_start_main
[INFO] [stderr]     31:     0x55d2a9baf0be - _start
[INFO] [stderr]     32:                0x0 - <unknown>
[INFO] [stderr] warning: build failed, waiting for other jobs to finish...
[INFO] [stdout] error[E0658]: use of unstable library feature 'proc_macro_quote'
[INFO] [stdout]   --> /opt/rustwide/cargo-home/registry/src/github.com-1ecc6299db9ec823/maud_macros-0.17.1/src/render.rs:38:17
[INFO] [stdout]    |
[INFO] [stdout] 38 |                 quote!($output.push_str($string);)
[INFO] [stdout]    |                 ^^^^^
[INFO] [stdout]    |
[INFO] [stdout]    = note: see issue #54722 <https://github.com/rust-lang/rust/issues/54722> for more information
[INFO] [stdout]    = help: add `#![feature(proc_macro_quote)]` to the crate attributes to enable
[INFO] [stdout] 
[INFO] [stdout] 
[INFO] [stdout] error[E0658]: use of unstable library feature 'proc_macro_quote'
[INFO] [stdout]   --> /opt/rustwide/cargo-home/registry/src/github.com-1ecc6299db9ec823/maud_macros-0.17.1/src/render.rs:50:9
[INFO] [stdout]    |
[INFO] [stdout] 50 |         quote!({
[INFO] [stdout]    |         ^^^^^
[INFO] [stdout]    |
[INFO] [stdout]    = note: see issue #54722 <https://github.com/rust-lang/rust/issues/54722> for more information
[INFO] [stdout]    = help: add `#![feature(proc_macro_quote)]` to the crate attributes to enable
[INFO] [stdout] 
[INFO] [stdout] 
[INFO] [stdout] error[E0658]: use of unstable library feature 'proc_macro_quote'
[INFO] [stdout]   --> /opt/rustwide/cargo-home/registry/src/github.com-1ecc6299db9ec823/maud_macros-0.17.1/src/render.rs:83:19
[INFO] [stdout]    |
[INFO] [stdout] 83 |         self.push(quote!({
[INFO] [stdout]    |                   ^^^^^
[INFO] [stdout]    |
[INFO] [stdout]    = note: see issue #54722 <https://github.com/rust-lang/rust/issues/54722> for more information
[INFO] [stdout]    = help: add `#![feature(proc_macro_quote)]` to the crate attributes to enable
[INFO] [stdout] 
[INFO] [stdout] 
[INFO] [stdout] error[E0658]: use of unstable library feature 'proc_macro_quote'
[INFO] [stdout]    --> /opt/rustwide/cargo-home/registry/src/github.com-1ecc6299db9ec823/maud_macros-0.17.1/src/render.rs:133:21
[INFO] [stdout]     |
[INFO] [stdout] 133 |             None => quote!(if $if_cond { $if_body }),
[INFO] [stdout]     |                     ^^^^^
[INFO] [stdout]     |
[INFO] [stdout]     = note: see issue #54722 <https://github.com/rust-lang/rust/issues/54722> for more information
[INFO] [stdout]     = help: add `#![feature(proc_macro_quote)]` to the crate attributes to enable
[INFO] [stdout] 
[INFO] [stdout] 
[INFO] [stdout] error[E0658]: use of unstable library feature 'proc_macro_quote'
[INFO] [stdout]    --> /opt/rustwide/cargo-home/registry/src/github.com-1ecc6299db9ec823/maud_macros-0.17.1/src/render.rs:134:32
[INFO] [stdout]     |
[INFO] [stdout] 134 |             Some(else_body) => quote!(if $if_cond { $if_body } else { $else_body }),
[INFO] [stdout]     |                                ^^^^^
[INFO] [stdout]     |
[INFO] [stdout]     = note: see issue #54722 <https://github.com/rust-lang/rust/issues/54722> for more information
[INFO] [stdout]     = help: add `#![feature(proc_macro_quote)]` to the crate attributes to enable
[INFO] [stdout] 
[INFO] [stdout] 
[INFO] [stdout] error[E0432]: unresolved imports `proc_macro::Term`, `proc_macro::TokenNode`, `proc_macro::TokenTreeIter`
[INFO] [stdout]   --> /opt/rustwide/cargo-home/registry/src/github.com-1ecc6299db9ec823/maud_macros-0.17.1/src/parse.rs:6:5
[INFO] [stdout]    |
[INFO] [stdout] 6  |     Term,
[INFO] [stdout]    |     ^^^^ no `Term` in the root
[INFO] [stdout] 7  |     TokenNode,
[INFO] [stdout]    |     ^^^^^^^^^ no `TokenNode` in the root
[INFO] [stdout] ...
[INFO] [stdout] 10 |     TokenTreeIter,
[INFO] [stdout]    |     ^^^^^^^^^^^^^ no `TokenTreeIter` in the root
[INFO] [stdout]    |
[INFO] [stdout] help: a similar name exists in the module
[INFO] [stdout]    |
[INFO] [stdout] 7  |     TokenTree,
[INFO] [stdout]    |     ^^^^^^^^^
[INFO] [stdout] help: a similar name exists in the module
[INFO] [stdout]    |
[INFO] [stdout] 10 |     TokenTree,
[INFO] [stdout]    |     ^^^^^^^^^
[INFO] [stdout] 
[INFO] [stdout] 
[INFO] [stdout] error[E0432]: unresolved imports `proc_macro::Term`, `proc_macro::TokenNode`
[INFO] [stdout]  --> /opt/rustwide/cargo-home/registry/src/github.com-1ecc6299db9ec823/maud_macros-0.17.1/src/render.rs:1:27
[INFO] [stdout]   |
[INFO] [stdout] 1 | use proc_macro::{Literal, Term, TokenNode, TokenStream};
[INFO] [stdout]   |                           ^^^^  ^^^^^^^^^
[INFO] [stdout]   |                           |     |
[INFO] [stdout]   |                           |     no `TokenNode` in the root
[INFO] [stdout]   |                           |     help: a similar name exists in the module: `TokenTree`
[INFO] [stdout]   |                           no `Term` in the root
[INFO] [stdout] 
[INFO] [stdout] 
[INFO] [stdout] error[E0574]: expected struct, variant or union type, found enum `TokenTree`
[INFO] [stdout]   --> /opt/rustwide/cargo-home/registry/src/github.com-1ecc6299db9ec823/maud_macros-0.17.1/src/parse.rs:85:22
[INFO] [stdout]    |
[INFO] [stdout] 85 |                 Some(TokenTree { kind: TokenNode::Op(';', _), .. }) => self.advance(),
[INFO] [stdout]    |                      ^^^^^^^^^ not a struct, variant or union type
[INFO] [stdout] 
[INFO] [stdout] 
[INFO] [stdout] error[E0574]: expected struct, variant or union type, found enum `TokenTree`
[INFO] [stdout]   --> /opt/rustwide/cargo-home/registry/src/github.com-1ecc6299db9ec823/maud_macros-0.17.1/src/parse.rs:99:13
[INFO] [stdout]    |
[INFO] [stdout] 99 |             TokenTree { kind: TokenNode::Literal(lit), .. } => {
[INFO] [stdout]    |             ^^^^^^^^^ not a struct, variant or union type
[INFO] [stdout] 
[INFO] [stdout] 
[INFO] [stdout] error[E0574]: expected struct, variant or union type, found enum `TokenTree`
[INFO] [stdout]    --> /opt/rustwide/cargo-home/registry/src/github.com-1ecc6299db9ec823/maud_macros-0.17.1/src/parse.rs:104:13
[INFO] [stdout]     |
[INFO] [stdout] 104 |             TokenTree { kind: TokenNode::Op('@', _), .. } => {
[INFO] [stdout]     |             ^^^^^^^^^ not a struct, variant or union type
[INFO] [stdout] 
[INFO] [stdout] 
[INFO] [stdout] error[E0574]: expected struct, variant or union type, found enum `TokenTree`
[INFO] [stdout]    --> /opt/rustwide/cargo-home/registry/src/github.com-1ecc6299db9ec823/maud_macros-0.17.1/src/parse.rs:107:26
[INFO] [stdout]     |
[INFO] [stdout] 107 |                     Some(TokenTree { kind: TokenNode::Term(term), span }) => {
[INFO] [stdout]     |                          ^^^^^^^^^ not a struct, variant or union type
[INFO] [stdout] 
[INFO] [stdout] 
[INFO] [stdout] error[E0574]: expected struct, variant or union type, found enum `TokenTree`
[INFO] [stdout]    --> /opt/rustwide/cargo-home/registry/src/github.com-1ecc6299db9ec823/maud_macros-0.17.1/src/parse.rs:108:39
[INFO] [stdout]     |
[INFO] [stdout] 108 |                         let keyword = TokenTree { kind: TokenNode::Term(term), span };
[INFO] [stdout]     |                                       ^^^^^^^^^ not a struct, variant or union type
[INFO] [stdout] 
[INFO] [stdout] 
[INFO] [stdout] error[E0574]: expected struct, variant or union type, found enum `TokenTree`
[INFO] [stdout]    --> /opt/rustwide/cargo-home/registry/src/github.com-1ecc6299db9ec823/maud_macros-0.17.1/src/parse.rs:123:13
[INFO] [stdout]     |
[INFO] [stdout] 123 |             TokenTree { kind: TokenNode::Term(_), .. } => {
[INFO] [stdout]     |             ^^^^^^^^^ not a struct, variant or union type
[INFO] [stdout] 
[INFO] [stdout] 
[INFO] [stdout] error[E0574]: expected struct, variant or union type, found enum `TokenTree`
[INFO] [stdout]    --> /opt/rustwide/cargo-home/registry/src/github.com-1ecc6299db9ec823/maud_macros-0.17.1/src/parse.rs:128:13
[INFO] [stdout]     |
[INFO] [stdout] 128 |             TokenTree { kind: TokenNode::Group(Delimiter::Parenthesis, expr), .. } => {
[INFO] [stdout]     |             ^^^^^^^^^ not a struct, variant or union type
[INFO] [stdout] 
[INFO] [stdout] 
[INFO] [stdout] error[E0574]: expected struct, variant or union type, found enum `TokenTree`
[INFO] [stdout]    --> /opt/rustwide/cargo-home/registry/src/github.com-1ecc6299db9ec823/maud_macros-0.17.1/src/parse.rs:133:13
[INFO] [stdout]     |
[INFO] [stdout] 133 |             TokenTree { kind: TokenNode::Group(Delimiter::Brace, block), span } => {
[INFO] [stdout]     |             ^^^^^^^^^ not a struct, variant or union type
[INFO] [stdout] 
[INFO] [stdout] 
[INFO] [stdout] error[E0574]: expected struct, variant or union type, found enum `TokenTree`
[INFO] [stdout]    --> /opt/rustwide/cargo-home/registry/src/github.com-1ecc6299db9ec823/maud_macros-0.17.1/src/parse.rs:160:22
[INFO] [stdout]     |
[INFO] [stdout] 160 |                 Some(TokenTree { kind: TokenNode::Group(Delimiter::Brace, block), span }) => {
[INFO] [stdout]     |                      ^^^^^^^^^ not a struct, variant or union type
[INFO] [stdout] 
[INFO] [stdout] 
[INFO] [stdout] error[E0574]: expected struct, variant or union type, found enum `TokenTree`
[INFO] [stdout]    --> /opt/rustwide/cargo-home/registry/src/github.com-1ecc6299db9ec823/maud_macros-0.17.1/src/parse.rs:179:17
[INFO] [stdout]     |
[INFO] [stdout] 179 |                 TokenTree { kind: TokenNode::Op('@', _), .. },
[INFO] [stdout]     |                 ^^^^^^^^^ not a struct, variant or union type
[INFO] [stdout] 
[INFO] [stdout] 
[INFO] [stdout] error[E0574]: expected struct, variant or union type, found enum `TokenTree`
[INFO] [stdout]    --> /opt/rustwide/cargo-home/registry/src/github.com-1ecc6299db9ec823/maud_macros-0.17.1/src/parse.rs:180:22
[INFO] [stdout]     |
[INFO] [stdout] 180 |                 Some(TokenTree { kind: TokenNode::Term(else_keyword), span }),
[INFO] [stdout]     |                      ^^^^^^^^^ not a struct, variant or union type
[INFO] [stdout] 
[INFO] [stdout] 
[INFO] [stdout] error[E0574]: expected struct, variant or union type, found enum `TokenTree`
[INFO] [stdout]    --> /opt/rustwide/cargo-home/registry/src/github.com-1ecc6299db9ec823/maud_macros-0.17.1/src/parse.rs:183:36
[INFO] [stdout]     |
[INFO] [stdout] 183 |                 let else_keyword = TokenTree { kind: TokenNode::Term(else_keyword), span };
[INFO] [stdout]     |                                    ^^^^^^^^^ not a struct, variant or union type
[INFO] [stdout] 
[INFO] [stdout] 
[INFO] [stdout] error[E0574]: expected struct, variant or union type, found enum `TokenTree`
[INFO] [stdout]    --> /opt/rustwide/cargo-home/registry/src/github.com-1ecc6299db9ec823/maud_macros-0.17.1/src/parse.rs:187:26
[INFO] [stdout]     |
[INFO] [stdout] 187 |                     Some(TokenTree { kind: TokenNode::Term(if_keyword), span })
[INFO] [stdout]     |                          ^^^^^^^^^ not a struct, variant or union type
[INFO] [stdout] 
[INFO] [stdout] 
[INFO] [stdout] error[E0574]: expected struct, variant or union type, found enum `TokenTree`
[INFO] [stdout]    --> /opt/rustwide/cargo-home/registry/src/github.com-1ecc6299db9ec823/maud_macros-0.17.1/src/parse.rs:190:42
[INFO] [stdout]     |
[INFO] [stdout] 190 |                         let if_keyword = TokenTree { kind: TokenNode::Term(if_keyword), span };
[INFO] [stdout]     |                                          ^^^^^^^^^ not a struct, variant or union type
[INFO] [stdout] 
[INFO] [stdout] 
[INFO] [stdout] error[E0574]: expected struct, variant or union type, found enum `TokenTree`
[INFO] [stdout]    --> /opt/rustwide/cargo-home/registry/src/github.com-1ecc6299db9ec823/maud_macros-0.17.1/src/parse.rs:196:37
[INFO] [stdout]     |
[INFO] [stdout] 196 |                         if let Some(TokenTree { kind: TokenNode::Group(Delimiter::Brace, block), span }) = self.next() {
[INFO] [stdout]     |                                     ^^^^^^^^^ not a struct, variant or union type
[INFO] [stdout] 
[INFO] [stdout] 
[INFO] [stdout] error[E0574]: expected struct, variant or union type, found enum `TokenTree`
[INFO] [stdout]    --> /opt/rustwide/cargo-home/registry/src/github.com-1ecc6299db9ec823/maud_macros-0.17.1/src/parse.rs:217:22
[INFO] [stdout]     |
[INFO] [stdout] 217 |                 Some(TokenTree { kind: TokenNode::Group(Delimiter::Brace, block), span }) => {
[INFO] [stdout]     |                      ^^^^^^^^^ not a struct, variant or union type
[INFO] [stdout] 
[INFO] [stdout] 
[INFO] [stdout] error[E0574]: expected struct, variant or union type, found enum `TokenTree`
[INFO] [stdout]    --> /opt/rustwide/cargo-home/registry/src/github.com-1ecc6299db9ec823/maud_macros-0.17.1/src/parse.rs:235:22
[INFO] [stdout]     |
[INFO] [stdout] 235 |                 Some(TokenTree { kind: TokenNode::Term(in_keyword), span }) if in_keyword.as_str() == "in" => {
[INFO] [stdout]     |                      ^^^^^^^^^ not a struct, variant or union type
[INFO] [stdout] 
[INFO] [stdout] 
[INFO] [stdout] error[E0574]: expected struct, variant or union type, found enum `TokenTree`
[INFO] [stdout]    --> /opt/rustwide/cargo-home/registry/src/github.com-1ecc6299db9ec823/maud_macros-0.17.1/src/parse.rs:236:33
[INFO] [stdout]     |
[INFO] [stdout] 236 |                     render.push(TokenTree { kind: TokenNode::Term(in_keyword), span });
[INFO] [stdout]     |                                 ^^^^^^^^^ not a struct, variant or union type
[INFO] [stdout] 
[INFO] [stdout] 
[INFO] [stdout] error[E0574]: expected struct, variant or union type, found enum `TokenTree`
[INFO] [stdout]    --> /opt/rustwide/cargo-home/registry/src/github.com-1ecc6299db9ec823/maud_macros-0.17.1/src/parse.rs:245:22
[INFO] [stdout]     |
[INFO] [stdout] 245 |                 Some(TokenTree { kind: TokenNode::Group(Delimiter::Brace, block), span }) => {
[INFO] [stdout]     |                      ^^^^^^^^^ not a struct, variant or union type
[INFO] [stdout] 
[INFO] [stdout] 
[INFO] [stdout] error[E0574]: expected struct, variant or union type, found enum `TokenTree`
[INFO] [stdout]    --> /opt/rustwide/cargo-home/registry/src/github.com-1ecc6299db9ec823/maud_macros-0.17.1/src/parse.rs:263:22
[INFO] [stdout]     |
[INFO] [stdout] 263 |                 Some(TokenTree { kind: TokenNode::Group(Delimiter::Brace, body), span }) => {
[INFO] [stdout]     |                      ^^^^^^^^^ not a struct, variant or union type
[INFO] [stdout] 
[INFO] [stdout] 
[INFO] [stdout] error[E0574]: expected struct, variant or union type, found enum `TokenTree`
[INFO] [stdout]    --> /opt/rustwide/cargo-home/registry/src/github.com-1ecc6299db9ec823/maud_macros-0.17.1/src/parse.rs:268:33
[INFO] [stdout]     |
[INFO] [stdout] 268 |                     render.push(TokenTree {
[INFO] [stdout]     |                                 ^^^^^^^^^ not a struct, variant or union type
[INFO] [stdout] 
[INFO] [stdout] 
[INFO] [stdout] error[E0574]: expected struct, variant or union type, found enum `TokenTree`
[INFO] [stdout]    --> /opt/rustwide/cargo-home/registry/src/github.com-1ecc6299db9ec823/maud_macros-0.17.1/src/parse.rs:294:26
[INFO] [stdout]     |
[INFO] [stdout] 294 |                     eq @ TokenTree { kind: TokenNode::Op('=', Spacing::Joint), .. },
[INFO] [stdout]     |                          ^^^^^^^^^ not a struct, variant or union type
[INFO] [stdout] 
[INFO] [stdout] 
[INFO] [stdout] error[E0574]: expected struct, variant or union type, found enum `TokenTree`
[INFO] [stdout]    --> /opt/rustwide/cargo-home/registry/src/github.com-1ecc6299db9ec823/maud_macros-0.17.1/src/parse.rs:295:31
[INFO] [stdout]     |
[INFO] [stdout] 295 |                     Some(gt @ TokenTree { kind: TokenNode::Op('>', _), .. }),
[INFO] [stdout]     |                               ^^^^^^^^^ not a struct, variant or union type
[INFO] [stdout] 
[INFO] [stdout] 
[INFO] [stdout] error[E0574]: expected struct, variant or union type, found enum `TokenTree`
[INFO] [stdout]    --> /opt/rustwide/cargo-home/registry/src/github.com-1ecc6299db9ec823/maud_macros-0.17.1/src/parse.rs:316:18
[INFO] [stdout]     |
[INFO] [stdout] 316 |             Some(TokenTree { kind: TokenNode::Group(Delimiter::Brace, body), span }) => {
[INFO] [stdout]     |                  ^^^^^^^^^ not a struct, variant or union type
[INFO] [stdout] 
[INFO] [stdout] 
[INFO] [stdout] error[E0574]: expected struct, variant or union type, found enum `TokenTree`
[INFO] [stdout]    --> /opt/rustwide/cargo-home/registry/src/github.com-1ecc6299db9ec823/maud_macros-0.17.1/src/parse.rs:319:29
[INFO] [stdout]     |
[INFO] [stdout] 319 |                 if let Some(TokenTree { kind: TokenNode::Op(',', _), .. }) = self.peek() {
[INFO] [stdout]     |                             ^^^^^^^^^ not a struct, variant or union type
[INFO] [stdout] 
[INFO] [stdout] 
[INFO] [stdout] error[E0574]: expected struct, variant or union type, found enum `TokenTree`
[INFO] [stdout]    --> /opt/rustwide/cargo-home/registry/src/github.com-1ecc6299db9ec823/maud_macros-0.17.1/src/parse.rs:329:30
[INFO] [stdout]     |
[INFO] [stdout] 329 |                         Some(TokenTree { kind: TokenNode::Op(',', _), .. }) => break,
[INFO] [stdout]     |                              ^^^^^^^^^ not a struct, variant or union type
[INFO] [stdout] 
[INFO] [stdout] 
[INFO] [stdout] error[E0574]: expected struct, variant or union type, found enum `TokenTree`
[INFO] [stdout]    --> /opt/rustwide/cargo-home/registry/src/github.com-1ecc6299db9ec823/maud_macros-0.17.1/src/parse.rs:349:30
[INFO] [stdout]     |
[INFO] [stdout] 349 |                 Some(token @ TokenTree { kind: TokenNode::Op('=', _), .. }) => {
[INFO] [stdout]     |                              ^^^^^^^^^ not a struct, variant or union type
[INFO] [stdout] 
[INFO] [stdout] 
[INFO] [stdout] error[E0574]: expected struct, variant or union type, found enum `TokenTree`
[INFO] [stdout]    --> /opt/rustwide/cargo-home/registry/src/github.com-1ecc6299db9ec823/maud_macros-0.17.1/src/parse.rs:359:30
[INFO] [stdout]     |
[INFO] [stdout] 359 |                 Some(token @ TokenTree { kind: TokenNode::Op(';', _), .. }) => {
[INFO] [stdout]     |                              ^^^^^^^^^ not a struct, variant or union type
[INFO] [stdout] 
[INFO] [stdout] 
[INFO] [stdout] error[E0574]: expected struct, variant or union type, found enum `TokenTree`
[INFO] [stdout]    --> /opt/rustwide/cargo-home/registry/src/github.com-1ecc6299db9ec823/maud_macros-0.17.1/src/parse.rs:381:18
[INFO] [stdout]     |
[INFO] [stdout] 381 |             Some(TokenTree { kind: TokenNode::Op(';', _), .. }) |
[INFO] [stdout]     |                  ^^^^^^^^^ not a struct, variant or union type
[INFO] [stdout] 
[INFO] [stdout] 
[INFO] [stdout] error[E0574]: expected struct, variant or union type, found enum `TokenTree`
[INFO] [stdout]    --> /opt/rustwide/cargo-home/registry/src/github.com-1ecc6299db9ec823/maud_macros-0.17.1/src/parse.rs:382:18
[INFO] [stdout]     |
[INFO] [stdout] 382 |             Some(TokenTree { kind: TokenNode::Op('/', _), .. }) => {
[INFO] [stdout]     |                  ^^^^^^^^^ not a struct, variant or union type
[INFO] [stdout] 
[INFO] [stdout] 
[INFO] [stdout] error[E0574]: expected struct, variant or union type, found enum `TokenTree`
[INFO] [stdout]    --> /opt/rustwide/cargo-home/registry/src/github.com-1ecc6299db9ec823/maud_macros-0.17.1/src/parse.rs:405:33
[INFO] [stdout]     |
[INFO] [stdout] 405 |                 (Ok(name), Some(TokenTree { kind: TokenNode::Op('=', _), .. })) => {
[INFO] [stdout]     |                                 ^^^^^^^^^ not a struct, variant or union type
[INFO] [stdout] 
[INFO] [stdout] 
[INFO] [stdout] error[E0574]: expected struct, variant or union type, found enum `TokenTree`
[INFO] [stdout]    --> /opt/rustwide/cargo-home/registry/src/github.com-1ecc6299db9ec823/maud_macros-0.17.1/src/parse.rs:417:33
[INFO] [stdout]     |
[INFO] [stdout] 417 |                 (Ok(name), Some(TokenTree { kind: TokenNode::Op('?', _), span: question_span })) => {
[INFO] [stdout]     |                                 ^^^^^^^^^ not a struct, variant or union type
[INFO] [stdout] 
[INFO] [stdout] 
[INFO] [stdout] error[E0574]: expected struct, variant or union type, found enum `TokenTree`
[INFO] [stdout]    --> /opt/rustwide/cargo-home/registry/src/github.com-1ecc6299db9ec823/maud_macros-0.17.1/src/parse.rs:421:30
[INFO] [stdout]     |
[INFO] [stdout] 421 |                         Some(TokenTree {
[INFO] [stdout]     |                              ^^^^^^^^^ not a struct, variant or union type
[INFO] [stdout] 
[INFO] [stdout] 
[INFO] [stdout] error[E0574]: expected struct, variant or union type, found enum `TokenTree`
[INFO] [stdout]    --> /opt/rustwide/cargo-home/registry/src/github.com-1ecc6299db9ec823/maud_macros-0.17.1/src/parse.rs:426:41
[INFO] [stdout]     |
[INFO] [stdout] 426 | ...                   render.push(TokenTree {
[INFO] [stdout]     |                                   ^^^^^^^^^ not a struct, variant or union type
[INFO] [stdout] 
[INFO] [stdout] 
[INFO] [stdout] error[E0574]: expected struct, variant or union type, found enum `TokenTree`
[INFO] [stdout]    --> /opt/rustwide/cargo-home/registry/src/github.com-1ecc6299db9ec823/maud_macros-0.17.1/src/parse.rs:436:45
[INFO] [stdout]     |
[INFO] [stdout] 436 | ...                   render.push(TokenTree {
[INFO] [stdout]     |                                   ^^^^^^^^^ not a struct, variant or union type
[INFO] [stdout] 
[INFO] [stdout] 
[INFO] [stdout] error[E0574]: expected struct, variant or union type, found enum `TokenTree`
[INFO] [stdout]    --> /opt/rustwide/cargo-home/registry/src/github.com-1ecc6299db9ec823/maud_macros-0.17.1/src/parse.rs:448:41
[INFO] [stdout]     |
[INFO] [stdout] 448 | ...                   render.push(TokenTree {
[INFO] [stdout]     |                                   ^^^^^^^^^ not a struct, variant or union type
[INFO] [stdout] 
[INFO] [stdout] 
[INFO] [stdout] error[E0574]: expected struct, variant or union type, found enum `TokenTree`
[INFO] [stdout]    --> /opt/rustwide/cargo-home/registry/src/github.com-1ecc6299db9ec823/maud_macros-0.17.1/src/parse.rs:458:31
[INFO] [stdout]     |
[INFO] [stdout] 458 |                 (Err(_), Some(TokenTree { kind: TokenNode::Op('.', _), .. })) => {
[INFO] [stdout]     |                               ^^^^^^^^^ not a struct, variant or union type
[INFO] [stdout] 
[INFO] [stdout] 
[INFO] [stdout] error[E0574]: expected struct, variant or union type, found enum `TokenTree`
[INFO] [stdout]    --> /opt/rustwide/cargo-home/registry/src/github.com-1ecc6299db9ec823/maud_macros-0.17.1/src/parse.rs:463:30
[INFO] [stdout]     |
[INFO] [stdout] 463 |                         Some(TokenTree { kind: TokenNode::Group(Delimiter::Bracket, cond), .. }) => {
[INFO] [stdout]     |                              ^^^^^^^^^ not a struct, variant or union type
[INFO] [stdout] 
[INFO] [stdout] 
[INFO] [stdout] error[E0574]: expected struct, variant or union type, found enum `TokenTree`
[INFO] [stdout]    --> /opt/rustwide/cargo-home/registry/src/github.com-1ecc6299db9ec823/maud_macros-0.17.1/src/parse.rs:472:31
[INFO] [stdout]     |
[INFO] [stdout] 472 |                 (Err(_), Some(TokenTree { kind: TokenNode::Op('#', _), .. })) => {
[INFO] [stdout]     |                               ^^^^^^^^^ not a struct, variant or union type
[INFO] [stdout] 
[INFO] [stdout] 
[INFO] [stdout] error[E0574]: expected struct, variant or union type, found enum `TokenTree`
[INFO] [stdout]    --> /opt/rustwide/cargo-home/registry/src/github.com-1ecc6299db9ec823/maud_macros-0.17.1/src/parse.rs:508:33
[INFO] [stdout]     |
[INFO] [stdout] 508 |         let mut s = if let Some(TokenTree { kind: TokenNode::Term(term), .. }) = self.peek() {
[INFO] [stdout]     |                                 ^^^^^^^^^ not a struct, variant or union type
[INFO] [stdout] 
[INFO] [stdout] 
[INFO] [stdout] error[E0574]: expected struct, variant or union type, found enum `TokenTree`
[INFO] [stdout]    --> /opt/rustwide/cargo-home/registry/src/github.com-1ecc6299db9ec823/maud_macros-0.17.1/src/parse.rs:517:22
[INFO] [stdout]     |
[INFO] [stdout] 517 |                 Some(TokenTree { kind: TokenNode::Op('-', _), .. }) => {
[INFO] [stdout]     |                      ^^^^^^^^^ not a struct, variant or union type
[INFO] [stdout] 
[INFO] [stdout] 
[INFO] [stdout] error[E0574]: expected struct, variant or union type, found enum `TokenTree`
[INFO] [stdout]    --> /opt/rustwide/cargo-home/registry/src/github.com-1ecc6299db9ec823/maud_macros-0.17.1/src/parse.rs:522:22
[INFO] [stdout]     |
[INFO] [stdout] 522 |                 Some(TokenTree { kind: TokenNode::Term(term), .. }) if expect_ident => {
[INFO] [stdout]     |                      ^^^^^^^^^ not a struct, variant or union type
[INFO] [stdout] 
[INFO] [stdout] 
[INFO] [stdout] error[E0574]: expected struct, variant or union type, found enum `TokenTree`
[INFO] [stdout]    --> /opt/rustwide/cargo-home/registry/src/github.com-1ecc6299db9ec823/maud_macros-0.17.1/src/parse.rs:537:21
[INFO] [stdout]     |
[INFO] [stdout] 537 |         if let Some(TokenTree { kind: TokenNode::Op(':', _), .. }) = self.peek() {
[INFO] [stdout]     |                     ^^^^^^^^^ not a struct, variant or union type
[INFO] [stdout] 
[INFO] [stdout] 
[INFO] [stdout] error[E0574]: expected struct, variant or union type, found enum `TokenTree`
[INFO] [stdout]    --> /opt/rustwide/cargo-home/registry/src/github.com-1ecc6299db9ec823/maud_macros-0.17.1/src/parse.rs:554:12
[INFO] [stdout]     |
[INFO] [stdout] 554 |         Ok(TokenTree {
[INFO] [stdout]     |            ^^^^^^^^^ not a struct, variant or union type
[INFO] [stdout] 
[INFO] [stdout] 
[INFO] [stdout] error[E0658]: use of unstable library feature 'proc_macro_quote'
[INFO] [stdout]  --> /opt/rustwide/cargo-home/registry/src/github.com-1ecc6299db9ec823/maud_macros-0.17.1/src/render.rs:2:5
[INFO] [stdout]   |
[INFO] [stdout] 2 | use proc_macro::quote;
[INFO] [stdout]   |     ^^^^^^^^^^^^^^^^^
[INFO] [stdout]   |
[INFO] [stdout]   = note: see issue #54722 <https://github.com/rust-lang/rust/issues/54722> for more information
[INFO] [stdout]   = help: add `#![feature(proc_macro_quote)]` to the crate attributes to enable
[INFO] [stdout] 
[INFO] [stdout] 
[INFO] [stdout] error[E0599]: no function or associated item named `default` found for struct `proc_macro::Span` in the current scope
[INFO] [stdout]    --> /opt/rustwide/cargo-home/registry/src/github.com-1ecc6299db9ec823/maud_macros-0.17.1/src/parse.rs:336:62
[INFO] [stdout]     |
[INFO] [stdout] 336 |                 self.block(body.into_iter().collect(), Span::default(), render)?
[INFO] [stdout]     |                                                              ^^^^^^^ function or associated item not found in `proc_macro::Span`
[INFO] [stdout] 
[INFO] [stdout] 
[INFO] [stdout] error[E0599]: no function or associated item named `default` found for struct `proc_macro::Span` in the current scope
[INFO] [stdout]    --> /opt/rustwide/cargo-home/registry/src/github.com-1ecc6299db9ec823/maud_macros-0.17.1/src/parse.rs:450:45
[INFO] [stdout]     |
[INFO] [stdout] 450 | ...                   span: Span::default(),
[INFO] [stdout]     |                                   ^^^^^^^ function or associated item not found in `proc_macro::Span`
[INFO] [stdout] 
[INFO] [stdout] 
[INFO] [stdout] error[E0599]: no function or associated item named `u64` found for struct `proc_macro::Literal` in the current scope
[INFO] [stdout]   --> /opt/rustwide/cargo-home/registry/src/github.com-1ecc6299db9ec823/maud_macros-0.17.1/src/render.rs:48:53
[INFO] [stdout]    |
[INFO] [stdout] 48 |         let size_hint = TokenNode::Literal(Literal::u64(size_hint as u64));
[INFO] [stdout]    |                                                     ^^^ function or associated item not found in `proc_macro::Literal`
[INFO] [stdout] 
[INFO] [stdout] 
[INFO] [stdout] error: aborting due to 55 previous errors
[INFO] [stdout] 
[INFO] [stdout] 
[INFO] [stdout] Some errors have detailed explanations: E0432, E0574, E0599, E0658.
[INFO] [stdout] 
[INFO] [stdout] For more information about an error, try `rustc --explain E0432`.
[INFO] [stdout] 
[INFO] [stderr] error: build failed
[INFO] running `Command { std: "docker" "inspect" "494ad0142667ffed761a5b5e446cf7f9ca9ed6c21b5175ba3828fd398aea1c2e", kill_on_drop: false }`
[INFO] running `Command { std: "docker" "rm" "-f" "494ad0142667ffed761a5b5e446cf7f9ca9ed6c21b5175ba3828fd398aea1c2e", kill_on_drop: false }`
[INFO] [stdout] 494ad0142667ffed761a5b5e446cf7f9ca9ed6c21b5175ba3828fd398aea1c2e
